{"id":236,"date":"2024-11-16T15:44:43","date_gmt":"2024-11-16T15:44:43","guid":{"rendered":"https:\/\/michelimegahair.com.br\/?page_id=236"},"modified":"2024-12-18T15:43:12","modified_gmt":"2024-12-18T15:43:12","slug":"dourados","status":"publish","type":"page","link":"https:\/\/michelimegahair.com.br\/?page_id=236","title":{"rendered":"Sobre N\u00f3s"},"content":{"rendered":"\t\t<div data-elementor-type=\"wp-page\" data-elementor-id=\"236\" class=\"elementor elementor-236\" data-elementor-post-type=\"page\">\n\t\t\t\t<div class=\"elementor-element elementor-element-690286f e-flex e-con-boxed e-con e-parent\" data-id=\"690286f\" data-element_type=\"container\" data-settings=\"{&quot;background_background&quot;:&quot;classic&quot;}\">\n\t\t\t\t\t<div class=\"e-con-inner\">\n\t\t\t\t<div class=\"elementor-element elementor-element-73173b0 elementor-widget elementor-widget-image\" data-id=\"73173b0\" data-element_type=\"widget\" data-widget_type=\"image.default\">\n\t\t\t\t<div class=\"elementor-widget-container\">\n\t\t\t\t\t\t\t\t\t\t\t\t\t\t\t<img fetchpriority=\"high\" decoding=\"async\" width=\"800\" height=\"400\" src=\"https:\/\/michelimegahair.com.br\/wp-content\/uploads\/2024\/11\/Design-sem-nome-4-2-1024x512.png\" class=\"attachment-large size-large wp-image-788\" alt=\"\" srcset=\"https:\/\/michelimegahair.com.br\/wp-content\/uploads\/2024\/11\/Design-sem-nome-4-2-1024x512.png 1024w, https:\/\/michelimegahair.com.br\/wp-content\/uploads\/2024\/11\/Design-sem-nome-4-2-300x150.png 300w, https:\/\/michelimegahair.com.br\/wp-content\/uploads\/2024\/11\/Design-sem-nome-4-2-768x384.png 768w\" sizes=\"(max-width: 800px) 100vw, 800px\" \/>\t\t\t\t\t\t\t\t\t\t\t\t\t\t\t<\/div>\n\t\t\t\t<\/div>\n\t\t\t\t<div class=\"elementor-element elementor-element-93089c7 elementor-widget elementor-widget-text-editor\" data-id=\"93089c7\" data-element_type=\"widget\" data-widget_type=\"text-editor.default\">\n\t\t\t\t<div class=\"elementor-widget-container\">\n\t\t\t\t\t\t\t\t\t<p>Micheli Barros vem transformando vidas por meio de um trabalho especializado e apaixonado no universo do mega hair. Com sede em Balne\u00e1rio Cambori\u00fa , Micheli construiu uma reputa\u00e7\u00e3o s\u00f3lida baseada na qualidade, no cuidado e na confian\u00e7a de suas clientes.<\/p>\n<p>Todos os cabelos utilizados s\u00e3o rigorosamente selecionados para garantir naturalidade, durabilidade e est\u00e9tica impec\u00e1vel. O processo \u00e9 minucioso e personalizado, respeitando a estrutura dos fios e as prefer\u00eancias de cada cliente, o que resulta em extens\u00f5es que se integram perfeitamente, proporcionando um visual deslumbrante e harmonioso.<\/p>\t\t\t\t\t\t\t\t<\/div>\n\t\t\t\t<\/div>\n\t\t\t\t\t<\/div>\n\t\t\t\t<\/div>\n\t\t<div class=\"elementor-element elementor-element-dc7bce6 e-flex e-con-boxed e-con e-parent\" data-id=\"dc7bce6\" data-element_type=\"container\">\n\t\t\t\t\t<div class=\"e-con-inner\">\n\t\t\t\t<div class=\"elementor-element elementor-element-90e6f47 elementor-widget elementor-widget-image\" data-id=\"90e6f47\" data-element_type=\"widget\" data-widget_type=\"image.default\">\n\t\t\t\t<div class=\"elementor-widget-container\">\n\t\t\t\t\t\t\t\t\t\t\t\t\t\t\t<img decoding=\"async\" width=\"800\" height=\"325\" src=\"https:\/\/michelimegahair.com.br\/wp-content\/uploads\/2024\/11\/Banner-para-Site-Nova-colecao-de-verao-loja-de-acessorios-elegante-rosa-e-bege-1-1024x416.png\" class=\"attachment-large size-large wp-image-798\" alt=\"\" srcset=\"https:\/\/michelimegahair.com.br\/wp-content\/uploads\/2024\/11\/Banner-para-Site-Nova-colecao-de-verao-loja-de-acessorios-elegante-rosa-e-bege-1-1024x416.png 1024w, https:\/\/michelimegahair.com.br\/wp-content\/uploads\/2024\/11\/Banner-para-Site-Nova-colecao-de-verao-loja-de-acessorios-elegante-rosa-e-bege-1-300x122.png 300w, https:\/\/michelimegahair.com.br\/wp-content\/uploads\/2024\/11\/Banner-para-Site-Nova-colecao-de-verao-loja-de-acessorios-elegante-rosa-e-bege-1-768x312.png 768w, https:\/\/michelimegahair.com.br\/wp-content\/uploads\/2024\/11\/Banner-para-Site-Nova-colecao-de-verao-loja-de-acessorios-elegante-rosa-e-bege-1-1536x624.png 1536w, https:\/\/michelimegahair.com.br\/wp-content\/uploads\/2024\/11\/Banner-para-Site-Nova-colecao-de-verao-loja-de-acessorios-elegante-rosa-e-bege-1-600x244.png 600w, https:\/\/michelimegahair.com.br\/wp-content\/uploads\/2024\/11\/Banner-para-Site-Nova-colecao-de-verao-loja-de-acessorios-elegante-rosa-e-bege-1.png 1920w\" sizes=\"(max-width: 800px) 100vw, 800px\" \/>\t\t\t\t\t\t\t\t\t\t\t\t\t\t\t<\/div>\n\t\t\t\t<\/div>\n\t\t\t\t<div class=\"elementor-element elementor-element-ef0e20e elementor-widget elementor-widget-text-editor\" data-id=\"ef0e20e\" data-element_type=\"widget\" data-widget_type=\"text-editor.default\">\n\t\t\t\t<div class=\"elementor-widget-container\">\n\t\t\t\t\t\t\t\t\t<p style=\"color: #000000; font-size: 28px;\">Com uma abordagem manual e artesanal, Micheli aplica todo seu conhecimento para alcan\u00e7ar resultados de excel\u00eancia. Cada etapa, desde a escolha dos fios at\u00e9 a aplica\u00e7\u00e3o final, \u00e9 conduzida com um compromisso inabal\u00e1vel com a satisfa\u00e7\u00e3o da cliente. Afinal, cada mega hair n\u00e3o \u00e9 apenas um servi\u00e7o, mas uma renova\u00e7\u00e3o de autoestima e confian\u00e7a.<\/p>\n<p style=\"color: #000000; font-size: 28px;\">Al\u00e9m de um atendimento de alto n\u00edvel, Micheli mant\u00e9m uma conex\u00e3o pr\u00f3xima com suas clientes por meio de redes sociais, como Instagram e Facebook. Sua presen\u00e7a digital \u00e9 um espa\u00e7o de inspira\u00e7\u00e3o e depoimentos reais, onde hist\u00f3rias de sucesso e transforma\u00e7\u00e3o s\u00e3o compartilhadas, refor\u00e7ando o impacto positivo de seu trabalho.&nbsp;<span style=\"font-family: var( --e-global-typography-text-font-family ), Sans-serif; font-weight: var( --e-global-typography-text-font-weight );\">Seja para quem deseja mudar o visual, recuperar a autoestima ou simplesmente experimentar a magia do mega hair, Micheli Barros \u00e9 a escolha certa. Transformar cabelos \u00e9 sua paix\u00e3o; transformar vidas, sua miss\u00e3o.<\/span><\/p>\t\t\t\t\t\t\t\t<\/div>\n\t\t\t\t<\/div>\n\t\t\t\t<div class=\"elementor-element elementor-element-7c62843 elementor-align-center elementor-widget elementor-widget-button\" data-id=\"7c62843\" data-element_type=\"widget\" data-widget_type=\"button.default\">\n\t\t\t\t<div class=\"elementor-widget-container\">\n\t\t\t\t\t\t\t\t\t<div class=\"elementor-button-wrapper\">\n\t\t\t\t\t<a class=\"elementor-button elementor-button-link elementor-size-sm\" href=\"#\">\n\t\t\t\t\t\t<span class=\"elementor-button-content-wrapper\">\n\t\t\t\t\t\t\t\t\t<span class=\"elementor-button-text\">Mat\u00e9ria<\/span>\n\t\t\t\t\t<\/span>\n\t\t\t\t\t<\/a>\n\t\t\t\t<\/div>\n\t\t\t\t\t\t\t\t<\/div>\n\t\t\t\t<\/div>\n\t\t\t\t<div class=\"elementor-element elementor-element-e78bc00 elementor-view-default elementor-widget elementor-widget-icon\" data-id=\"e78bc00\" data-element_type=\"widget\" data-widget_type=\"icon.default\">\n\t\t\t\t<div class=\"elementor-widget-container\">\n\t\t\t\t\t\t\t<div class=\"elementor-icon-wrapper\">\n\t\t\t<div class=\"elementor-icon\">\n\t\t\t<svg aria-hidden=\"true\" class=\"e-font-icon-svg e-fas-chevron-circle-up\" viewBox=\"0 0 512 512\" xmlns=\"http:\/\/www.w3.org\/2000\/svg\"><path d=\"M8 256C8 119 119 8 256 8s248 111 248 248-111 248-248 248S8 393 8 256zm231-113.9L103.5 277.6c-9.4 9.4-9.4 24.6 0 33.9l17 17c9.4 9.4 24.6 9.4 33.9 0L256 226.9l101.6 101.6c9.4 9.4 24.6 9.4 33.9 0l17-17c9.4-9.4 9.4-24.6 0-33.9L273 142.1c-9.4-9.4-24.6-9.4-34 0z\"><\/path><\/svg>\t\t\t<\/div>\n\t\t<\/div>\n\t\t\t\t\t\t<\/div>\n\t\t\t\t<\/div>\n\t\t\t\t\t<\/div>\n\t\t\t\t<\/div>\n\t\t\t\t<\/div>\n\t\t","protected":false},"excerpt":{"rendered":"<p>Micheli Barros vem transformando vidas por meio de um trabalho especializado e apaixonado no universo do mega hair. Com sede em Balne\u00e1rio Cambori\u00fa , Micheli construiu uma reputa\u00e7\u00e3o s\u00f3lida baseada na qualidade, no cuidado e na confian\u00e7a de suas clientes. Todos os cabelos utilizados s\u00e3o rigorosamente selecionados para garantir naturalidade, durabilidade e est\u00e9tica impec\u00e1vel. O [&hellip;]<\/p>\n","protected":false},"author":1,"featured_media":0,"parent":0,"menu_order":0,"comment_status":"closed","ping_status":"closed","template":"","meta":{"_joinchat":[],"footnotes":""},"class_list":["post-236","page","type-page","status-publish","hentry"],"_links":{"self":[{"href":"https:\/\/michelimegahair.com.br\/index.php?rest_route=\/wp\/v2\/pages\/236"}],"collection":[{"href":"https:\/\/michelimegahair.com.br\/index.php?rest_route=\/wp\/v2\/pages"}],"about":[{"href":"https:\/\/michelimegahair.com.br\/index.php?rest_route=\/wp\/v2\/types\/page"}],"author":[{"embeddable":true,"href":"https:\/\/michelimegahair.com.br\/index.php?rest_route=\/wp\/v2\/users\/1"}],"replies":[{"embeddable":true,"href":"https:\/\/michelimegahair.com.br\/index.php?rest_route=%2Fwp%2Fv2%2Fcomments&post=236"}],"version-history":[{"count":27,"href":"https:\/\/michelimegahair.com.br\/index.php?rest_route=\/wp\/v2\/pages\/236\/revisions"}],"predecessor-version":[{"id":861,"href":"https:\/\/michelimegahair.com.br\/index.php?rest_route=\/wp\/v2\/pages\/236\/revisions\/861"}],"wp:attachment":[{"href":"https:\/\/michelimegahair.com.br\/index.php?rest_route=%2Fwp%2Fv2%2Fmedia&parent=236"}],"curies":[{"name":"wp","href":"https:\/\/api.w.org\/{rel}","templated":true}]}}

Sobre Nós

<div data-elementor-type="wp-page" data-elementor-id="236" class="elementor elementor-236" data-elementor-post-type="page">
				<div class="elementor-element elementor-element-690286f e-flex e-con-boxed e-con e-parent" data-id="690286f" data-element_type="container" data-settings="{&quot;background_background&quot;:&quot;classic&quot;}">
					<div class="e-con-inner">
				<div class="elementor-element elementor-element-73173b0 elementor-widget elementor-widget-image" data-id="73173b0" data-element_type="widget" data-widget_type="image.default">
				<div class="elementor-widget-container">
															<img fetchpriority="high" decoding="async" width="800" height="400" src="https://michelimegahair.com.br/wp-content/uploads/2024/11/Design-sem-nome-4-2-1024x512.png" class="attachment-large size-large wp-image-788" alt="" srcset="https://michelimegahair.com.br/wp-content/uploads/2024/11/Design-sem-nome-4-2-1024x512.png 1024w, https://michelimegahair.com.br/wp-content/uploads/2024/11/Design-sem-nome-4-2-300x150.png 300w, https://michelimegahair.com.br/wp-content/uploads/2024/11/Design-sem-nome-4-2-768x384.png 768w" sizes="(max-width: 800px) 100vw, 800px" />															</div>
				</div>
				<div class="elementor-element elementor-element-93089c7 elementor-widget elementor-widget-text-editor" data-id="93089c7" data-element_type="widget" data-widget_type="text-editor.default">
				<div class="elementor-widget-container">
									<p>Micheli Barros vem transformando vidas por meio de um trabalho especializado e apaixonado no universo do mega hair. Com sede em Balneário Camboriú , Micheli construiu uma reputação sólida baseada na qualidade, no cuidado e na confiança de suas clientes.</p>
<p>Todos os cabelos utilizados são rigorosamente selecionados para garantir naturalidade, durabilidade e estética impecável. O processo é minucioso e personalizado, respeitando a estrutura dos fios e as preferências de cada cliente, o que resulta em extensões que se integram perfeitamente, proporcionando um visual deslumbrante e harmonioso.</p>								</div>
				</div>
					</div>
				</div>
		<div class="elementor-element elementor-element-dc7bce6 e-flex e-con-boxed e-con e-parent" data-id="dc7bce6" data-element_type="container">
					<div class="e-con-inner">
				<div class="elementor-element elementor-element-90e6f47 elementor-widget elementor-widget-image" data-id="90e6f47" data-element_type="widget" data-widget_type="image.default">
				<div class="elementor-widget-container">
															<img decoding="async" width="800" height="325" src="https://michelimegahair.com.br/wp-content/uploads/2024/11/Banner-para-Site-Nova-colecao-de-verao-loja-de-acessorios-elegante-rosa-e-bege-1-1024x416.png" class="attachment-large size-large wp-image-798" alt="" srcset="https://michelimegahair.com.br/wp-content/uploads/2024/11/Banner-para-Site-Nova-colecao-de-verao-loja-de-acessorios-elegante-rosa-e-bege-1-1024x416.png 1024w, https://michelimegahair.com.br/wp-content/uploads/2024/11/Banner-para-Site-Nova-colecao-de-verao-loja-de-acessorios-elegante-rosa-e-bege-1-300x122.png 300w, https://michelimegahair.com.br/wp-content/uploads/2024/11/Banner-para-Site-Nova-colecao-de-verao-loja-de-acessorios-elegante-rosa-e-bege-1-768x312.png 768w, https://michelimegahair.com.br/wp-content/uploads/2024/11/Banner-para-Site-Nova-colecao-de-verao-loja-de-acessorios-elegante-rosa-e-bege-1-1536x624.png 1536w, https://michelimegahair.com.br/wp-content/uploads/2024/11/Banner-para-Site-Nova-colecao-de-verao-loja-de-acessorios-elegante-rosa-e-bege-1-600x244.png 600w, https://michelimegahair.com.br/wp-content/uploads/2024/11/Banner-para-Site-Nova-colecao-de-verao-loja-de-acessorios-elegante-rosa-e-bege-1.png 1920w" sizes="(max-width: 800px) 100vw, 800px" />															</div>
				</div>
				<div class="elementor-element elementor-element-ef0e20e elementor-widget elementor-widget-text-editor" data-id="ef0e20e" data-element_type="widget" data-widget_type="text-editor.default">
				<div class="elementor-widget-container">
									<p style="color: #000000; font-size: 28px;">Com uma abordagem manual e artesanal, Micheli aplica todo seu conhecimento para alcançar resultados de excelência. Cada etapa, desde a escolha dos fios até a aplicação final, é conduzida com um compromisso inabalável com a satisfação da cliente. Afinal, cada mega hair não é apenas um serviço, mas uma renovação de autoestima e confiança.</p>
<p style="color: #000000; font-size: 28px;">Além de um atendimento de alto nível, Micheli mantém uma conexão próxima com suas clientes por meio de redes sociais, como Instagram e Facebook. Sua presença digital é um espaço de inspiração e depoimentos reais, onde histórias de sucesso e transformação são compartilhadas, reforçando o impacto positivo de seu trabalho.&nbsp;<span style="font-family: var( --e-global-typography-text-font-family ), Sans-serif; font-weight: var( --e-global-typography-text-font-weight );">Seja para quem deseja mudar o visual, recuperar a autoestima ou simplesmente experimentar a magia do mega hair, Micheli Barros é a escolha certa. Transformar cabelos é sua paixão; transformar vidas, sua missão.</span></p>								</div>
				</div>
				<div class="elementor-element elementor-element-7c62843 elementor-align-center elementor-widget elementor-widget-button" data-id="7c62843" data-element_type="widget" data-widget_type="button.default">
				<div class="elementor-widget-container">
									<div class="elementor-button-wrapper">
					<a class="elementor-button elementor-button-link elementor-size-sm" href="#">
						<span class="elementor-button-content-wrapper">
									<span class="elementor-button-text">Matéria</span>
					</span>
					</a>
				</div>
								</div>
				</div>
				<div class="elementor-element elementor-element-e78bc00 elementor-view-default elementor-widget elementor-widget-icon" data-id="e78bc00" data-element_type="widget" data-widget_type="icon.default">
				<div class="elementor-widget-container">
							<div class="elementor-icon-wrapper">
			<div class="elementor-icon">
			<svg aria-hidden="true" class="e-font-icon-svg e-fas-chevron-circle-up" viewBox="0 0 512 512" xmlns="http://www.w3.org/2000/svg"><path d="M8 256C8 119 119 8 256 8s248 111 248 248-111 248-248 248S8 393 8 256zm231-113.9L103.5 277.6c-9.4 9.4-9.4 24.6 0 33.9l17 17c9.4 9.4 24.6 9.4 33.9 0L256 226.9l101.6 101.6c9.4 9.4 24.6 9.4 33.9 0l17-17c9.4-9.4 9.4-24.6 0-33.9L273 142.1c-9.4-9.4-24.6-9.4-34 0z"></path></svg>			</div>
		</div>
						</div>
				</div>
					</div>
				</div>
				</div>

<p>Micheli Barros vem transformando vidas por meio de um trabalho especializado e apaixonado no universo do mega hair. Com sede em Balneário Camboriú , Micheli construiu uma reputação sólida baseada na qualidade, no cuidado e na confiança de suas clientes. Todos os cabelos utilizados são rigorosamente selecionados para garantir naturalidade, durabilidade e estética impecável. O [&hellip;]</p>
